103334232
-20013514 (base 7) to base 12
-677384
-1122121221201 (base 3) to base 4
-3112131022
What is 1112011112 (base 3) in base 7?
153332
What is -65829 (base 15) in base 8?
-1165640
What is 1133523 (base 6) in base 2?
1110011100011011
-310441 (base 8) to base 13
-37982
8348 (base 13) to base 8
43337
What is -23301230320 (base 4) in base 15?
-40eaaa
What is 10110010011101100 (base 2) in base 14?
25428
Convert -287410 (base 16) to base 2.
-1010000111010000010000
-648c79 (base 14) to base 16
-33f4db
What is 122401555 (base 6) in base 3?
11110010020222
What is -16a85d (base 14) in base 10?
-797411
-49824 (base 14) to base 11
-113230
1b29a (base 15) to base 9
144161
233332233023 (base 4) to base 12
426694b
What is -101000113 (base 4) in base 8?
-210027
-1010101001010000001000 (base 2) to base 10
-2790408
6222225 (base 7) to base 2
10110101111010011001
Convert 37e4a7 (base 15) to base 16.
28e7e7
-625938 (base 12) to base 2
-101111001000011111100
2224502 (base 8) to base 3
1010111120112
-65046545 (base 7) to base 4
-111020321003
Convert 7553171 (base 8) to base 9.
3720238
What is -4551440 (base 9) in base 4?
-21113111313
Convert -912630 (base 11) to base 7.
-15321326
What is -6ab92d (base 16) in base 12?
-24136b9
What is -2553252 (base 6) in base 15?
-2b49e
What is -135a8 (base 11) in base 2?
-100101110011101
What is -154021143 (base 6) in base 9?
-6131840
-30112130203 (base 4) to base 2
-1100010110011100100011
-3852843 (base 9) to base 14
-3c9cad
Convert 550704 (base 11) to base 7.
10321406
Convert 30235 (base 9) to base 6.
232005
Convert -323444143 (base 5) to base 8.
-5233724
What is 38167 (base 9) in base 6?
314441
202123133 (base 4) to base 15
2bbb8
Convert c72b (base 14) to base 4.
20120203
Convert -10137 (base 9) to base 4.
-1220110
9077a1 (base 13) to base 9
6277677
What is -11110110010001110 (base 2) in base 15?
-27564
Convert 1262a1 (base 11) to base 3.
101002112020
Convert -70371 (base 9) to base 6.
-554014
What is 22100022122220 (base 3) in base 14?
836370
What is -11202010000 (base 3) in base 9?
-152100
What is 101101100113 (base 4) in base 15?
5e6587
What is -153cbd (base 14) in base 11?
-466513
What is 300102023 (base 4) in base 8?
602213
Convert 86e3 (base 16) to base 4.
20123203
What is 10001000100110111101 (base 2) in base 10?
559549
What is -228703 (base 10) in base 11?
-146912
Convert -6577435 (base 8) to base 6.
-101530541
What is -905108 (base 15) in base 7?
-112144112
Convert 122211012 (base 3) to base 8.
31300
Convert -15306 (base 11) to base 8.
-52241
What is -1b89e (base 16) in base 2?
-11011100010011110
Convert 212223230 (base 5) to base 3.
1200122121012
-35f3 (base 16) to base 12
-7bab
122112021012 (base 3) to base 15
6c35b
777483 (base 10) to base 8
2756413
Convert -137e3 (base 16) to base 9.
-131464
Convert -242356 (base 8) to base 7.
-464341
Convert -25736 (base 11) to base 3.
-1212111211
Convert -101001011010111010001 (base 2) to base 11.
-847808
Convert 1123050 (base 7) to base 6.
3001350
Convert 1404102300 (base 5) to base 13.
98529a
Convert -118a710 (base 12) to base 13.
-9292a4
What is 1508a52 (base 15) in base 6?
1302052135
What is -13230cc (base 13) in base 5?
-3014121234
114143 (base 10) to base 15
23c48
-50956 (base 12) to base 9
-170073
What is 1338585 (base 9) in base 13?
1c9487
What is 31203404 (base 5) in base 12?
1046a1
-39979 (base 10) to base 9
-60751
-25361463 (base 7) to base 13
-6272b2
-8225068 (base 9) to base 2
-10000101110111010010111
What is -10010100101010111 (base 2) in base 4?
-102211113
What is 36431 (base 13) in base 8?
302375
-79ca (base 15) to base 6
-315344
Convert a342a6 (base 13) to base 16.
3a1a83
Convert 1442024022 (base 5) to base 10.
3861137
What is -10343410313 (base 5) in base 16?
-ac9403
Convert 154147 (base 10) to base 5.
14413042
Convert 1f7e74 (base 16) to base 11.
118a783
What is -2d1d1 (base 14) in base 15?
-236a8
What is -103211201 (base 4) in base 6?
-1415225
Convert 111110000110110110 (base 2) to base 10.
254390
Convert 40040 (base 12) to base 13.
2ba10
3615939 (base 10) to base 8
15626303
-111011000110001 (base 2) to base 16
-7631
-39b6c3 (base 14) to base 12
-800077
Convert 324008 (base 12) to base 7.
6520313
-72696 (base 12) to base 10
-149586
9a4920 (base 14) to base 15
6d6c14
Convert aa595 (base 11) to base 5.
20113204
485aa (base 13) to base 7
1062121
Convert 139290 (base 11) to base 9.
361057
1421441430 (base 5) to base 13
9c8492
Convert -1012333310 (base 4) to base 11.
-189538
What is -2cb210 (base 15) in base 13?
-5a9ba3
67cc44 (base 14) to base 11
1aa2049
271223 (base 10) to base 8
1021567
What is 11546360 (base 7) in base 4?
3331030112
What is -343150304 (base 6) in base 7?
-104442016
2bba2b (base 15) to base 14
3d0b05
What is 3749a2 (base 11) in base 5?
122422130
-25337 (base 14) to base 4
-112100311
Convert -150312 (base 8) to base 4.
-31003022
-64648 (base 11) to base 16
-16efc
1bb1a2 (base 12) to base 15
9c052
What is -22614253 (base 8) in base 10?
-4921515
22426a (base 15) to base 2
110001110111100000010
What is 472e (base 15) in base 14?
571d
-9f84 (base 16) to base 8
-117604
109a241 (base 13) to base 3
100121102102020
What is 2504044 (base 6) in base 8?
403734
What is 11011000011100101 (base 2) in base 10?
110821
Convert 122b79 (base 14) to base 12.
260233
What is 185a8 (base 11) in base 2?
110010110011100
Convert -2325c (base 13) to base 10.
-64128
What is -110113100 (base 4) in base 10?
-83408
What is 111110111011110111 (base 2) in base 5?
31222113
Convert -9b43 (base 16) to base 12.
-1b003
b4b09 (base 16) to base 13
1cbb42
Convert -12376106 (base 8) to base 12.
-b08406
3b3b9b (base 12) to base 10
981479
81aaa (base 13) to base 2
111000110001000011
Convert -42cb7 (base 14) to base 11.
-100509
Convert -1000110101111001011 (base 2) to base 6.
-10113215
Convert -21331132 (base 7) to base 13.
-4ba885
What is -10331020400 (base 5) in base 9?
-23043185
What is 4764890 (base 11) in base 14?
11638d0
1033420210 (base 5) to base 6
120104124
What is -4546135 (base 8) in base 4?
-10230301131
11121112222 (base 3) to base 6
1540212
Convert c08044 (base 16) to base 9.
25657487
-7726463 (base 9) to base 10
-4151307
Convert -356069 (base 12) to base 5.
-210020000
4044443 (base 5) to base 7
362215
12070471 (base 8) to base 9
4878626
What is -626732 (base 8) in base 4?
-302313122
What is -7134 (base 8) in base 4?
-321130
Convert -3457503 (base 8) to base 16.
-e5f43
-40a5b1 (base 12) to base 15
-150441
-3503 (base 9) to base 5
-40340
What is 251003 (base 10) in base 4?
331101323
What is 27a337 (base 12) in base 11?
41132a
What is 4e7c8d (base 15) in base 9?
7080157
Convert -9799 (base 12) to base 13.
-778b
Convert -275b2 (base 14) to base 16.
-17b98
Convert -37996 (base 15) to base 14.
-48a66
353597 (base 10) to base 8
1262475
Convert -11100101110011 (base 2) to base 9.
-22151
What is 3140220 (base 6) in base 11?
a4a62
10970a (base 11) to base 7
1322650
Convert -413012112 (base 5) to base 11.
-a53586
-53bb1 (base 13) to base 3
-21200200101
Convert 10794 (base 15) to base 7.
305410
Convert -100110011111101111111 (base 2) to base 7.
-13502444
Convert 100110110100100110100111 (base 2) to base 7.
152334236
-1001110101101010000000 (base 2) to base 13
-6c3ba2
-8909069 (base 10) to base 3
-121202121221112
What is 1ee55 (base 16) in base 2?
11110111001010101
What is 121030000212 (base 4) in base 9?
13373283
What is -33010312 (base 5) in base 8?
-1046545
Convert 227902 (base 12) to base 7.
4460606
Convert 1202102221 (base 3) to base 2.
1000011100011001
Convert -66c18 (base 13) to base 2.
-101101100011100101
271809 (base 12) to base 13
197b98
1671555 (base 9) to base 13
2687a5
What is -311984 (base 10) in base 12?
-130668
-2510123 (base 9) to base 16
-14d336
What is -100202002010121 (base 3) in base 5?
-2311200214
11211220201 (base 3) to base 10
95437
What is 1c8782 (base 15) in base 5?
324124242
-6645171 (base 8) to base 7
-21126252
-416094 (base 10) to base 9
-703686
-a784b (base 16) to base 9
-1255204
What is -5b629 (base 12) in base 6?
-2352053
-2022400333 (base 5) to base 8
-17524147
-560248 (base 9) to base 10
-334817
Convert 1133013032 (base 4) to base 3.
201210101222
Convert 636083 (base 9) to base 13.
103329
What is -211010 (base 15) in base 6?
-53413153
What is -15